 is divided by 52?
15
Suppose c - 2514 = -4*y, 61*c = 3*y + 65*c - 1905. What is the remainder when 1885 is divided by y?
4
Let q = 2482 - 2445. What is the remainder when 324 is divided by q?
28
Suppose 3*s - 185 = -d, -6*s + 312 = d - 53. Calculate the remainder when 1012 is divided by s.
52
Let y = 9495 + -9471. What is the remainder when 134 is divided by y?
14
Let p(b) = b**2 + 8*b + 32. Let s be p(9). Let d = -55 + s. What is the remainder when d is divided by 19?
16
What is the remainder when 34*(20/6)/((-33)/(-396)) is divided by 29?
26
Calculate the remainder when 482 is divided by 44/(-33) + 124/12 + -3.
2
Let s(a) = -2*a**2 + 22*a - 17. Let i be s(10). Calculate the remainder when (-172)/i*(-12)/16 is divided by 16.
11
Let x(d) = -19 - 2*d - 20 + 55 - 27. Let j be x(-19). Suppose 30*r - 192 = j*r. Calculate the remainder when 318 is divided by r.
62
Suppose 486*u - 2424 = 478*u. Let r(w) = w**3 + 5*w**2 - 5*w - 6. Calculate the remainder when u is divided by r(-5).
18
Let o = 87 + -52. Calculate the remainder when (146 - 0) + (-19958)/(-1174) is divided by o.
23
Let g = 193 + -139. Calculate the remainder when 3/15 - (1 - 799/5) is divided by g.
51
Let g = 2765 + -2761. What is the remainder when 394 is divided by g?
2
Let n = 32 - 32. Let m be -8*(n - -2)*(-3)/12. Suppose 167 = 5*v - 4*z, 4*v = -0*v - m*z + 112. What is the remainder when v is divided by 9?
4
Let u = 2332 - 2184. What is the remainder when 11985 is divided by u?
145
Suppose 20*o = n + 22*o - 49, 0 = 3*n + 4*o - 151. Calculate the remainder when 104 is divided by n.
51
Let p(f) = -49*f - 27. What is the remainder when 343 is divided by p(-2)?
59
Let y = -527 - -695. Suppose -2*j + y = 14*u - 10*u, 4*u = -j + 168. What is the remainder when 85 is divided by u?
1
Suppose 0 = -3*w - 2*w + 1120. Let g = w + -116. Suppose 0 = -5*h - 5*f + 69 + 66, 0 = -2*f + 10. What is the remainder when g is divided by h?
20
Suppose 4*z - 1492 = -3*p, 3*z - 772 = z + 5*p. Suppose 12*i - z = -35*i. What is the remainder when i is divided by 2?
0
Suppose -3*w = -d - 5, -d - 2*w = -6*d + 40. Suppose 32 = d*g - 6*g. What is the remainder when 54 is divided by 77*(-2)/(-8) + g/(-32)?
16
Suppose 17 + 5 = 11*y. Suppose -29 = -x - 5*j + 10*j, -y*j = 2*x - 10. What is the remainder when 17 is divided by x?
8
Let m(q) = -1 - q**2 - 3 + 6*q**2 + 0*q**2. Let y = 37 - 31. Calculate the remainder when m(2) is divided by y.
4
Let a(p) = 3*p**3 - p**2 - 4*p - 5. Let n(v) = 9*v**3 - 4*v**2 - 13*v - 16. Let g(u) = -7*a(u) + 2*n(u). Calculate the remainder when 34 is divided by g(-2).
15
Let o be (((-297)/(-6))/(-9))/((-1)/2). Suppose 0 = o*d - 2320 - 8999. Suppose -25*t + d = -18*t. What is the remainder when t is divided by 25?
22
Let h(a) = a**2 - 29*a - 953. What is the remainder when 571 is divided by h(50)?
86
Let a = 267 + -52. What is the remainder when a is divided by 179?
36
Suppose -6*v = -4*b - v - 1407, -3*b + v - 1069 = 0. Let k = 371 + b. Calculate the remainder when 22 is divided by k.
9
Let u(d) = -3*d**3 - 6*d**2 - d + 21. Let t be u(-4). Suppose -t = -4*g - k, 4*g - 3*k - 109 = -8*k. What is the remainder when 144 is divided by g?
20
Let v(n) = 18*n**2 - 51*n + 3. Let s be v(3). Calculate the remainder when 121 is divided by 2*(-6 + 186/s).
7
Suppose 5*b - 484 = -3*n, 2*b + 0*b = 2*n + 200. What is the remainder when 279 is divided by b?
83
What is the remainder when ((12*5)/(-4))/((-28)/84) is divided by 11?
1
Let n(b) = -b**2 - 23*b - 20. Let t be n(-19). Let q = t - 792. What is the remainder when ((-30)/20)/(2/q*3) is divided by 37?
36
Let l be (-4)/6*(-4851 + 51). Suppose 122 - l = -18*x. What is the remainder when x is divided by 29?
26
Suppose -374 = -5*c + 866. Suppose -15*n + 11*n = -c. Suppose -3*x + 42 = 3*p, -p + 3*p = 3*x - n. Calculate the remainder when 68 is divided by x.
14
Let v = 3660 + -3602. Calculate the remainder when 114 is divided by v.
56
Let l(t) = -136*t - 2263. Calculate the remainder when 96 is divided by l(-17).
47
Let a(w) = -w**2 - 24*w + 51. Let g be a(-24). Suppose 0*i - 8 = 4*i. What is the remainder when ((-17)/g)/(i/654) is divided by 11?
10
Let x(m) = 3*m**2 + 13*m + 16. Let r = 512 + -518. What is the remainder when 76 is divided by x(r)?
30
Let d = 3812 + -1986. What is the remainder when d is divided by 131?
123
Suppose -3*h = -6*h - 4*d + 134, 3*h - d = 124. Calculate the remainder when (98/(-6))/((-7)/h) is divided by 52.
46
Let c = -46 + 61. Suppose -c*o + 33 = -4*o. Let w = 2 + o. Calculate the remainder when 7 is divided by w.
2
Let c(s) = 43*s + 331. What is the remainder when c(0) is divided by 37?
35
Suppose -4*k - x = -119 - 70, 2*x + 246 = 5*k. What is the remainder when k is divided by (-8)/(-20) - (-196)/10?
8
Suppose 6*f - 2*f - 2325 = 3*y, -5*f - 3*y = -2913. Calculate the remainder when f is divided by 128.
70
Let n = -151 + 122. Let y = 10 - n. What is the remainder when y is divided by 6?
3
Let k(r) = 26*r - 250. What is the remainder when 1023 is divided by k(14)?
111
Let n(i) = 157*i**2 - 68*i - 3. Calculate the remainder when n(6) is divided by 4.
1
Let w(d) = d**3 - 8*d**2 - 7*d + 94. What is the remainder when 418 is divided by w(8)?
0
Let x(d) be the first derivative of -16*d**2 + 3*d - 15. Let s be x(1). Let y = -4 - s. Calculate the remainder when 96 is divided by y.
21
Let j = 910 - 894. Let n(k) = -12*k + 9. Suppose -26 = 4*m + 2. Calculate the remainder when n(m) is divided by j.
13
Suppose -215*v + 36983 = -246172. Calculate the remainder when v is divided by 10.
7
Suppose -g + 5*r + 31 = 0, 2*g - 13 = -g - 5*r. Suppose 4*t + o + 120 = 46, g = -t - 4*o. Let y = t - -23. What is the remainder when 9 is divided by y?
1
Let q = -893 - -1034. What is the remainder when q is divided by 137?
4
Suppose -14*z - 16 = 2*z. Let y(w) = -2*w**3 - 2*w**2 - 3*w. Calculate the remainder when 3 is divided by y(z).
0
Suppose 15*s - 23 - 7 = 0. Suppose -b = -2*q - 5*b - s, 4*q = -4*b + 12. What is the remainder when 4/(-1) + (-240)/(-7 + -1) is divided by q?
5
Suppose -5*q = -j + 3476, -11155 + 709 = -3*j - 3*q. What is the remainder when j is divided by 1160?
1
Suppose -56*z + 8028 = -115*z + 63*z. Calculate the remainder when z is divided by 1999.
8
Suppose -354*q - 66*q + 21420 = 0. Calculate the remainder when q is divided by 45.
6
Suppose -35 = -52*l + 41 + 80. Calculate the remainder when 2303 is divided by l.
2
Suppose m + 11 = 4*o - 3, 3*m + 75 = o. What is the remainder when (78/m)/((-6)/106) is divided by 14?
11
Suppose 221 = 17*h - 238. Let f(j) = j**2 - 3*j - 9. What is the remainder when f(11) is divided by h?
25
Calculate the remainder when 1653 is divided by 40/(-300)*15 - 1100/(-2).
9
Let d be (10/5)/(4/34). Let a = 24 + d. Calculate the remainder when a is divided by 10 - -1 - (52 + -50).
5
Let c(q) = -q**2 + 5599*q - 67022. Suppose 3098 - 1013 = 5*l. Calculate the remainder when l is divided by c(12).
21
Let n = 79 + 3. Suppose -13*h + 165 = -n. What is the remainder when 112 is divided by h?
17
Let z(b) = -25*b**2 - 239*b + 119. Let p = 38 + -27. What is the remainder when p is divided by z(-10)?
2
Suppose 142*p + 2*s = 138*p + 13174, -20 = 4*s. What is the remainder when p is divided by 50?
46
Suppose -27108*r + 27161*r = 1908. Suppose 0*o = -3*o + 21. What is the remainder when r is divided by o?
1
Let b(j) = 5*j**2 - 7*j - 7. Let g be b(3). Let f = -12 + g. Calculate the remainder when 8 is divided by f.
3
Let x be -3 + (0 + 29)/(-4 + 5). Suppose x*f = 29*f - 183. Suppose -o + f = u, -4*o + 84 + 136 = -2*u. Calculate the remainder when o is divided by 30.
27
Let s(i) = -i - 54. Let x be s(-24). Let m be x/2*(14/6 + -2). Calculate the remainder when 6 is divided by m/(-2) - -4*(-1)/(-8).
0
Suppose -2*v + 106 = 5*r - 0*v, 4*v = 5*r - 118. Suppose d + 4*j - r = 0, 71 = 2*d - 3*j + 2*j. What is the remainder when d is divided by (6/4)/(3/18)?
7
Let t(j) = 28*j**3 - 3*j**2 + 6*j - 2. Let v be t(1). Suppose 1387 = -v*p + 4142. What is the remainder when p is divided by 32?
31
Suppose 0 = 886*f - 889*f + 597. Calculate the remainder when 987 is divided by f.
191
Let x = -347 - -440. Let b(j) = -5*j + 15*j + 2 + 0*j. What is the remainder when x is divided by b(3)?
29
What is the remainder when 232 is divided by (-3